MONTHLY CLIMATOLOGICAL SUMMARY for FEB. 2020

NAME: N0XUT   CITY: Urbana STATE: Iowa
ELEV: 903 LAT: 042:13:10 LONG: 0091:52:59

                            TEMPERATURE ( F), RAIN (in.), WIND SPEED (mph)

                                               HEAT     COOL           AVG
      MEAN                                     DEG      DEG            WIND                      DOM
DAY   TEMP    HIGH   TIME     LOW    TIME      DAYS     DAYS    RAIN   SPEED   HIGH    TIME      DIR
--------------------------------------------------------------------------------------------------------
01    34.6   037.3   00:00    32.4   07:07     30.4     00.0   00.01   004     018    20:02      SW
02    39.0   046.1   13:43    29.0   00:00     25.9     00.0   00.00   002     020    12:33      W 
03    32.5   038.7   14:03    25.1   05:02     32.5     00.0   00.00   004     021    20:29     NNE
04    25.8   031.3   00:04    19.3   00:00     39.1     00.0   00.00   006     021    13:40      N 
05    21.1   026.6   15:30    15.5   03:43     43.8     00.0   00.00   000     012    04:35     NNE
06    22.0   029.9   15:15    11.9   07:36     42.9     00.0   00.00   000     005    15:03      N 
07    23.4   028.9   14:02    16.6   06:41     41.5     00.0   00.00   000     012    23:46     NNW
08    15.1   023.9   00:03    06.4   08:35     49.8     00.0   00.00   001     012    12:15      W 
09    28.1   034.8   15:16    18.9   00:00     36.8     00.0   00.07   007     028    07:56     ESE
10    20.3   030.7   16:23    09.4   07:32     44.6     00.0   00.00   001     012    03:48     WNW
11    23.8   029.4   15:46    17.8   07:16     41.2     00.0   00.00   002     018    13:02      W 
12    28.8   036.0   11:32    16.1   00:00     36.1     00.0   00.00   006     031    00:00      SW
13    01.0   016.1   00:01   -07.0   00:00     63.9     00.0   00.00   007     030    00:01      NW
14    02.4   013.8   23:44   -10.5   06:52     62.6     00.0   00.00   006     030    20:36      SE
15    26.9   036.2   14:23    13.4   01:14     38.0     00.0   00.00   006     026    05:37     SSW
16    29.6   038.2   15:16    21.4   01:16     35.3     00.0   00.00   000     010    13:40      E 
17    32.4   033.8   22:20    30.4   06:28     32.6     00.0   00.48   003     023    23:51     ESE
18    24.6   032.1   00:01    13.6   00:00     40.4     00.0   00.00   008     032    01:12      NW
19    12.9   018.2   13:37    06.8   00:00     52.0     00.0   00.00   002     016    14:53     NNW
20    07.8   017.1   16:17   -01.7   07:26     57.1     00.0   00.00   001     013    00:22     WNW
21    25.8   038.7   16:01    09.8   00:05     39.1     00.0   00.00   005     026    14:34     SSW
22    36.7   048.4   15:42    26.9   06:54     28.3     00.0   00.00   003     020    15:14     SSW
--------------------------------------------------------------------------------------------------------
23.4 (22.9)   48.4  day 22    -10.5  day 14   914.1    000.0   00.56   03.4     032   day 09      W 
Max <=  32: 11
Min <=  86: 22
Min <=   0: 3
Max <= 23: 4
Min <=  23: 17
Max <=  14: 1
Min <=   5: 3
Min <=   0: 3
Min <=  -4: 2
Max Rain: 0.48 ON 17-02-20
Days of Rain: 3 (> .008in) 1 (> .08in) 0 (> 0.8in)