MONTHLY CLIMATOLOGICAL SUMMARY for SEP. 2019

NAME: N0XUT   CITY: Urbana STATE: Iowa
ELEV: 903 LAT: 042:13:10 LONG: 0091:52:59

                            TEMPERATURE ( F), RAIN (in.), WIND SPEED (mph)

                                               HEAT     COOL           AVG
      MEAN                                     DEG      DEG            WIND                      DOM
DAY   TEMP    HIGH   TIME     LOW    TIME      DAYS     DAYS    RAIN   SPEED   HIGH    TIME      DIR
--------------------------------------------------------------------------------------------------------
01    66.8   077.4   16:42    57.2   06:58     00.0     01.8   00.01   002     012    13:47      SE
02    72.2   082.2   16:44    62.1   06:10     00.0     07.3   00.00   003     016    21:44      S 
03    73.9   081.4   16:14    61.8   00:00     00.0     08.9   00.03   006     025    13:26     WSW
04    62.3   071.6   16:58    53.3   07:02     02.6     00.0   00.00   003     015    13:44     NNW
05    65.2   077.5   16:39    51.8   07:05     00.0     00.3   00.00   004     023    16:06      SE
06    68.9   078.1   15:52    58.2   00:00     00.0     04.0   00.00   005     022    13:17     NNW
07    63.7   077.6   14:13    53.4   06:22     01.3     00.0   00.14   000     013    13:56      N 
08    61.9   066.7   14:05    58.4   06:48     03.1     00.0   00.10   003     016    05:39      E 
09    67.4   077.1   17:17    59.4   05:39     00.0     02.4   00.22   005     035    22:30     ESE
10    75.3   086.3   16:43    68.4   10:32     00.0     10.4   00.32   003     022    00:47     SSW
11    75.8   087.0   16:39    71.7   00:00     00.0     10.9   00.15   004     025    14:14      S 
12    74.9   087.1   15:12    67.2   07:33     00.0     10.0   00.11   006     032    14:54     SSE
13    63.4   070.3   00:02    55.6   00:00     01.5     00.0   00.00   005     026    09:03     WSW
14    65.3   075.5   15:27    52.6   03:58     00.0     00.4   00.11   002     028    19:24      S 
15    74.3   085.5   17:07    67.2   06:12     00.0     09.4   00.01   004     017    01:51     SSE
16    72.9   084.4   15:34    64.1   03:32     00.0     08.0   00.01   003     014    14:54      SE
17    72.6   081.1   13:40    65.5   07:43     00.0     07.7   00.00   005     016    12:36      SE
18    72.5   085.5   14:21    66.8   07:12     00.0     07.6   00.98   005     046    15:08      SE
19    71.6   077.5   16:39    66.7   12:15     00.0     06.7   00.37   004     016    08:33      SE
--------------------------------------------------------------------------------------------------------
69.5 (70.3)   87.1  day 12     51.8  day 05   008.5    095.7   02.56   03.8     046   day 18     SSE
Max >=  86: 3
Min <=  86: 19
Max Rain: 0.98 ON 18-09-19
Days of Rain: 13 (> .008in) 9 (> .08in) 1 (> 0.8in)